{"id":2294,"date":"2024-06-25T14:52:30","date_gmt":"2024-06-25T12:52:30","guid":{"rendered":"https:\/\/oudheidkamertexel.nl\/verhalen-van-vroeger\/"},"modified":"2025-06-26T15:59:33","modified_gmt":"2025-06-26T13:59:33","slug":"geschichten-von-fruher","status":"publish","type":"page","link":"https:\/\/oudheidkamertexel.nl\/de\/geschichten-von-fruher\/","title":{"rendered":"Geschichten von fr\u00fcher"},"content":{"rendered":"<section class=\"wp-block  alignfull block-room bg-white circle-shapes\" id=\"block-room-block_3ba387e1ffb2a1dc5642c1c9fb77fa14\">\n            <div class=\"row align-center\">\n            <div class=\"column small-12 large-8\">\n                <div class=\"text-center special-text\">\n                                            <span>Geschichten von fr\u00fcher<\/span>\n                                                                <h2>H\u00f6ren Sie der Vergangenheit zu<\/h2>\n                                        <p>Die Oudheidkamer ist ein Haus voller Geschichten. \u00dcber Sitten und Gebr\u00e4uche, den Alltag und au\u00dfergew\u00f6hnliche Situationen.<\/p>\n                <\/div>\n            <\/div>\n        <\/div>\n    \n    <div class=\"row expanded small-up-1 large-up-3  block-room-slider \">\n                                    <a href=\"https:\/\/oudheidkamertexel.nl\/de\/geschichten-von-fruher\/wissenswertes-uber-krauter-rezepte\/\" class=\"column no-padding\">\n                            <div class=\"room-holder\">\n                                            <img decoding=\"async\" class=\"lazyload\" src=\"https:\/\/oudheidkamertexel.nl\/wp-content\/uploads\/2024\/07\/overzichtsfoto-Kruidentuin-ruiken_04.jpg\" alt=\"Grootouders ruiken met hun kleinkinderen aan een plant in de kruidentuin van Oudheidkamer Texel.\" \/>\n                                        <div class=\"room-content\">\n                                                    <h3>Wissenswertes \u00fcber Kr\u00e4uter &#038; Rezepte<\/h3>\n                                                <div class=\"extra-room-content\">\n                                                                                                                            <div class=\"button is-style-primary\">Probieren Sie es selbst<\/div>\n                                                                                    <\/div>\n                    <\/div>\n                <\/div>\n                                    <\/a>\n                                                    <a href=\"https:\/\/oudheidkamertexel.nl\/de\/geschichten-von-fruher\/broeder\/\" class=\"column no-padding\">\n                            <div class=\"room-holder\">\n                                            <img decoding=\"async\" class=\"lazyload\" src=\"https:\/\/oudheidkamertexel.nl\/wp-content\/uploads\/2024\/07\/broeder-2-490x725.jpg\" alt=\"Een aardewerken bakvorm in de keuken van Oudheidkamer Texel\" \/>\n                                        <div class=\"room-content\">\n                                                    <h3>Broeder: altmodisch lecker<\/h3>\n                                                <div class=\"extra-room-content\">\n                                                                                                                            <div class=\"button is-style-primary\">Zum Rezept<\/div>\n                                                                                    <\/div>\n                    <\/div>\n                <\/div>\n                                    <\/a>\n                                                    <a href=\"https:\/\/oudheidkamertexel.nl\/de\/geschichten-von-fruher\/das-schicksal-von-kees\/\" class=\"column no-padding\">\n                            <div class=\"room-holder\">\n                                            <img decoding=\"async\" class=\"lazyload\" src=\"https:\/\/oudheidkamertexel.nl\/wp-content\/uploads\/2024\/07\/lotgevallen-van-kees-490x725.png\" alt=\"Tekeningen van de limerick over de lotgevallen van Kees in de Oudheidkamer op Texel \" \/>\n                                        <div class=\"room-content\">\n                                                    <h3>Das Schicksal von Kees<\/h3>\n                                                <div class=\"extra-room-content\">\n                                                                                                                            <div class=\"button is-style-primary\">Ein Lied mit einer Botschaft <\/div>\n                                                                                    <\/div>\n                    <\/div>\n                <\/div>\n                                    <\/a>\n                                                    <a href=\"https:\/\/oudheidkamertexel.nl\/de\/geschichten-von-fruher\/der-feuerkorb\/\" class=\"column no-padding\">\n                            <div class=\"room-holder\">\n                                            <img decoding=\"async\" class=\"lazyload\" src=\"https:\/\/oudheidkamertexel.nl\/wp-content\/uploads\/2024\/07\/vuurbaak-490x725.jpg\" alt=\"Een vuurmand in de achterkamer van Oudheidkamer Texel\" \/>\n                                        <div class=\"room-content\">\n                                                    <h3>Der Feuerkorb<\/h3>\n                                                <div class=\"extra-room-content\">\n                                                                                                                            <div class=\"button is-style-primary\">Warme Windeln<\/div>\n                                                                                    <\/div>\n                    <\/div>\n                <\/div>\n                                    <\/a>\n                            <\/div>\n<\/section>","protected":false},"excerpt":{"rendered":"<p>Oudheidkamer Texel ist ein Haus voller Geschichten<\/p>\n","protected":false},"author":2,"featured_media":1654,"parent":0,"menu_order":45,"comment_status":"closed","ping_status":"closed","template":"page-templates\/small-header-text.php","meta":{"_acf_changed":false,"footnotes":""},"class_list":["post-2294","page","type-page","status-publish","has-post-thumbnail","hentry"],"acf":[],"yoast_head":"<!-- This site is optimized with the Yoast SEO plugin v27.5 - https:\/\/yoast.com\/product\/yoast-seo-wordpress\/ -->\n<title>Geschichten von fr\u00fcher - Oudheidkamer Texel<\/title>\n<meta name=\"description\" content=\"Oudheidkamer Texel ist ein Haus voller Geschichten\" \/>\n<meta name=\"robots\" content=\"index, follow, max-snippet:-1, max-image-preview:large, max-video-preview:-1\" \/>\n<link rel=\"canonical\" href=\"https:\/\/oudheidkamertexel.nl\/de\/geschichten-von-fruher\/\" \/>\n<meta property=\"og:locale\" content=\"de_DE\" \/>\n<meta property=\"og:type\" content=\"article\" \/>\n<meta property=\"og:title\" content=\"Geschichten von fr\u00fcher - Oudheidkamer Texel\" \/>\n<meta property=\"og:description\" content=\"Oudheidkamer Texel ist ein Haus voller Geschichten\" \/>\n<meta property=\"og:url\" content=\"https:\/\/oudheidkamertexel.nl\/de\/geschichten-von-fruher\/\" \/>\n<meta property=\"og:site_name\" content=\"Oudheidkamer Texel\" \/>\n<meta property=\"article:modified_time\" content=\"2025-06-26T13:59:33+00:00\" \/>\n<meta property=\"og:image\" content=\"https:\/\/oudheidkamertexel.nl\/wp-content\/uploads\/2024\/07\/keukenplank-scaled.jpg\" \/>\n\t<meta property=\"og:image:width\" content=\"2560\" \/>\n\t<meta property=\"og:image:height\" content=\"1920\" \/>\n\t<meta property=\"og:image:type\" content=\"image\/jpeg\" \/>\n<meta name=\"twitter:card\" content=\"summary_large_image\" \/>\n<meta name=\"twitter:label1\" content=\"Est. reading time\" \/>\n\t<meta name=\"twitter:data1\" content=\"1 minute\" \/>\n<script type=\"application\/ld+json\" class=\"yoast-schema-graph\">{\"@context\":\"https:\\\/\\\/schema.org\",\"@graph\":[{\"@type\":\"WebPage\",\"@id\":\"https:\\\/\\\/oudheidkamertexel.nl\\\/de\\\/geschichten-von-fruher\\\/\",\"url\":\"https:\\\/\\\/oudheidkamertexel.nl\\\/de\\\/geschichten-von-fruher\\\/\",\"name\":\"Geschichten von fr\u00fcher - Oudheidkamer Texel\",\"isPartOf\":{\"@id\":\"https:\\\/\\\/oudheidkamertexel.nl\\\/de\\\/#website\"},\"primaryImageOfPage\":{\"@id\":\"https:\\\/\\\/oudheidkamertexel.nl\\\/de\\\/geschichten-von-fruher\\\/#primaryimage\"},\"image\":{\"@id\":\"https:\\\/\\\/oudheidkamertexel.nl\\\/de\\\/geschichten-von-fruher\\\/#primaryimage\"},\"thumbnailUrl\":\"https:\\\/\\\/oudheidkamertexel.nl\\\/wp-content\\\/uploads\\\/2024\\\/07\\\/keukenplank-scaled.jpg\",\"datePublished\":\"2024-06-25T12:52:30+00:00\",\"dateModified\":\"2025-06-26T13:59:33+00:00\",\"breadcrumb\":{\"@id\":\"https:\\\/\\\/oudheidkamertexel.nl\\\/de\\\/geschichten-von-fruher\\\/#breadcrumb\"},\"inLanguage\":\"de-DE\",\"potentialAction\":[{\"@type\":\"ReadAction\",\"target\":[\"https:\\\/\\\/oudheidkamertexel.nl\\\/de\\\/geschichten-von-fruher\\\/\"]}]},{\"@type\":\"ImageObject\",\"inLanguage\":\"de-DE\",\"@id\":\"https:\\\/\\\/oudheidkamertexel.nl\\\/de\\\/geschichten-von-fruher\\\/#primaryimage\",\"url\":\"https:\\\/\\\/oudheidkamertexel.nl\\\/wp-content\\\/uploads\\\/2024\\\/07\\\/keukenplank-scaled.jpg\",\"contentUrl\":\"https:\\\/\\\/oudheidkamertexel.nl\\\/wp-content\\\/uploads\\\/2024\\\/07\\\/keukenplank-scaled.jpg\",\"width\":2560,\"height\":1920,\"caption\":\"De keukenplank boven het aanrecht in de keuken van Oudheidkamer Texel\"},{\"@type\":\"BreadcrumbList\",\"@id\":\"https:\\\/\\\/oudheidkamertexel.nl\\\/de\\\/geschichten-von-fruher\\\/#breadcrumb\",\"itemListElement\":[{\"@type\":\"ListItem\",\"position\":1,\"name\":\"Home\",\"item\":\"https:\\\/\\\/oudheidkamertexel.nl\\\/de\\\/\"},{\"@type\":\"ListItem\",\"position\":2,\"name\":\"Geschichten von fr\u00fcher\"}]},{\"@type\":\"WebSite\",\"@id\":\"https:\\\/\\\/oudheidkamertexel.nl\\\/de\\\/#website\",\"url\":\"https:\\\/\\\/oudheidkamertexel.nl\\\/de\\\/\",\"name\":\"Oudheidkamer Texel\",\"description\":\"\",\"potentialAction\":[{\"@type\":\"SearchAction\",\"target\":{\"@type\":\"EntryPoint\",\"urlTemplate\":\"https:\\\/\\\/oudheidkamertexel.nl\\\/de\\\/?s={search_term_string}\"},\"query-input\":{\"@type\":\"PropertyValueSpecification\",\"valueRequired\":true,\"valueName\":\"search_term_string\"}}],\"inLanguage\":\"de-DE\"}]}<\/script>\n<!-- \/ Yoast SEO plugin. -->","yoast_head_json":{"title":"Geschichten von fr\u00fcher - Oudheidkamer Texel","description":"Oudheidkamer Texel ist ein Haus voller Geschichten","robots":{"index":"index","follow":"follow","max-snippet":"max-snippet:-1","max-image-preview":"max-image-preview:large","max-video-preview":"max-video-preview:-1"},"canonical":"https:\/\/oudheidkamertexel.nl\/de\/geschichten-von-fruher\/","og_locale":"de_DE","og_type":"article","og_title":"Geschichten von fr\u00fcher - Oudheidkamer Texel","og_description":"Oudheidkamer Texel ist ein Haus voller Geschichten","og_url":"https:\/\/oudheidkamertexel.nl\/de\/geschichten-von-fruher\/","og_site_name":"Oudheidkamer Texel","article_modified_time":"2025-06-26T13:59:33+00:00","og_image":[{"width":2560,"height":1920,"url":"https:\/\/oudheidkamertexel.nl\/wp-content\/uploads\/2024\/07\/keukenplank-scaled.jpg","type":"image\/jpeg"}],"twitter_card":"summary_large_image","twitter_misc":{"Est. reading time":"1 minute"},"schema":{"@context":"https:\/\/schema.org","@graph":[{"@type":"WebPage","@id":"https:\/\/oudheidkamertexel.nl\/de\/geschichten-von-fruher\/","url":"https:\/\/oudheidkamertexel.nl\/de\/geschichten-von-fruher\/","name":"Geschichten von fr\u00fcher - Oudheidkamer Texel","isPartOf":{"@id":"https:\/\/oudheidkamertexel.nl\/de\/#website"},"primaryImageOfPage":{"@id":"https:\/\/oudheidkamertexel.nl\/de\/geschichten-von-fruher\/#primaryimage"},"image":{"@id":"https:\/\/oudheidkamertexel.nl\/de\/geschichten-von-fruher\/#primaryimage"},"thumbnailUrl":"https:\/\/oudheidkamertexel.nl\/wp-content\/uploads\/2024\/07\/keukenplank-scaled.jpg","datePublished":"2024-06-25T12:52:30+00:00","dateModified":"2025-06-26T13:59:33+00:00","breadcrumb":{"@id":"https:\/\/oudheidkamertexel.nl\/de\/geschichten-von-fruher\/#breadcrumb"},"inLanguage":"de-DE","potentialAction":[{"@type":"ReadAction","target":["https:\/\/oudheidkamertexel.nl\/de\/geschichten-von-fruher\/"]}]},{"@type":"ImageObject","inLanguage":"de-DE","@id":"https:\/\/oudheidkamertexel.nl\/de\/geschichten-von-fruher\/#primaryimage","url":"https:\/\/oudheidkamertexel.nl\/wp-content\/uploads\/2024\/07\/keukenplank-scaled.jpg","contentUrl":"https:\/\/oudheidkamertexel.nl\/wp-content\/uploads\/2024\/07\/keukenplank-scaled.jpg","width":2560,"height":1920,"caption":"De keukenplank boven het aanrecht in de keuken van Oudheidkamer Texel"},{"@type":"BreadcrumbList","@id":"https:\/\/oudheidkamertexel.nl\/de\/geschichten-von-fruher\/#breadcrumb","itemListElement":[{"@type":"ListItem","position":1,"name":"Home","item":"https:\/\/oudheidkamertexel.nl\/de\/"},{"@type":"ListItem","position":2,"name":"Geschichten von fr\u00fcher"}]},{"@type":"WebSite","@id":"https:\/\/oudheidkamertexel.nl\/de\/#website","url":"https:\/\/oudheidkamertexel.nl\/de\/","name":"Oudheidkamer Texel","description":"","potentialAction":[{"@type":"SearchAction","target":{"@type":"EntryPoint","urlTemplate":"https:\/\/oudheidkamertexel.nl\/de\/?s={search_term_string}"},"query-input":{"@type":"PropertyValueSpecification","valueRequired":true,"valueName":"search_term_string"}}],"inLanguage":"de-DE"}]}},"_links":{"self":[{"href":"https:\/\/oudheidkamertexel.nl\/de\/wp-json\/wp\/v2\/pages\/2294","targetHints":{"allow":["GET"]}}],"collection":[{"href":"https:\/\/oudheidkamertexel.nl\/de\/wp-json\/wp\/v2\/pages"}],"about":[{"href":"https:\/\/oudheidkamertexel.nl\/de\/wp-json\/wp\/v2\/types\/page"}],"author":[{"embeddable":true,"href":"https:\/\/oudheidkamertexel.nl\/de\/wp-json\/wp\/v2\/users\/2"}],"replies":[{"embeddable":true,"href":"https:\/\/oudheidkamertexel.nl\/de\/wp-json\/wp\/v2\/comments?post=2294"}],"version-history":[{"count":6,"href":"https:\/\/oudheidkamertexel.nl\/de\/wp-json\/wp\/v2\/pages\/2294\/revisions"}],"predecessor-version":[{"id":2726,"href":"https:\/\/oudheidkamertexel.nl\/de\/wp-json\/wp\/v2\/pages\/2294\/revisions\/2726"}],"wp:featuredmedia":[{"embeddable":true,"href":"https:\/\/oudheidkamertexel.nl\/de\/wp-json\/wp\/v2\/media\/1654"}],"wp:attachment":[{"href":"https:\/\/oudheidkamertexel.nl\/de\/wp-json\/wp\/v2\/media?parent=2294"}],"curies":[{"name":"wp","href":"https:\/\/api.w.org\/{rel}","templated":true}]}}

Geschichten von früher

<section class="wp-block  alignfull block-room bg-white circle-shapes" id="block-room-block_3ba387e1ffb2a1dc5642c1c9fb77fa14">
            <div class="row align-center">
            <div class="column small-12 large-8">
                <div class="text-center special-text">
                                            <span>Geschichten von früher</span>
                                                                <h2>Hören Sie der Vergangenheit zu</h2>
                                        <p>Die Oudheidkamer ist ein Haus voller Geschichten. Über Sitten und Gebräuche, den Alltag und außergewöhnliche Situationen.</p>
                </div>
            </div>
        </div>
    
    <div class="row expanded small-up-1 large-up-3  block-room-slider ">
                                    <a href="https://oudheidkamertexel.nl/de/geschichten-von-fruher/wissenswertes-uber-krauter-rezepte/" class="column no-padding">
                            <div class="room-holder">
                                            <img decoding="async" class="lazyload" src="https://oudheidkamertexel.nl/wp-content/uploads/2024/07/overzichtsfoto-Kruidentuin-ruiken_04.jpg" alt="Grootouders ruiken met hun kleinkinderen aan een plant in de kruidentuin van Oudheidkamer Texel." />
                                        <div class="room-content">
                                                    <h3>Wissenswertes über Kräuter &#038; Rezepte</h3>
                                                <div class="extra-room-content">
                                                                                                                            <div class="button is-style-primary">Probieren Sie es selbst</div>
                                                                                    </div>
                    </div>
                </div>
                                    </a>
                                                    <a href="https://oudheidkamertexel.nl/de/geschichten-von-fruher/broeder/" class="column no-padding">
                            <div class="room-holder">
                                            <img decoding="async" class="lazyload" src="https://oudheidkamertexel.nl/wp-content/uploads/2024/07/broeder-2-490x725.jpg" alt="Een aardewerken bakvorm in de keuken van Oudheidkamer Texel" />
                                        <div class="room-content">
                                                    <h3>Broeder: altmodisch lecker</h3>
                                                <div class="extra-room-content">
                                                                                                                            <div class="button is-style-primary">Zum Rezept</div>
                                                                                    </div>
                    </div>
                </div>
                                    </a>
                                                    <a href="https://oudheidkamertexel.nl/de/geschichten-von-fruher/das-schicksal-von-kees/" class="column no-padding">
                            <div class="room-holder">
                                            <img decoding="async" class="lazyload" src="https://oudheidkamertexel.nl/wp-content/uploads/2024/07/lotgevallen-van-kees-490x725.png" alt="Tekeningen van de limerick over de lotgevallen van Kees in de Oudheidkamer op Texel " />
                                        <div class="room-content">
                                                    <h3>Das Schicksal von Kees</h3>
                                                <div class="extra-room-content">
                                                                                                                            <div class="button is-style-primary">Ein Lied mit einer Botschaft </div>
                                                                                    </div>
                    </div>
                </div>
                                    </a>
                                                    <a href="https://oudheidkamertexel.nl/de/geschichten-von-fruher/der-feuerkorb/" class="column no-padding">
                            <div class="room-holder">
                                            <img decoding="async" class="lazyload" src="https://oudheidkamertexel.nl/wp-content/uploads/2024/07/vuurbaak-490x725.jpg" alt="Een vuurmand in de achterkamer van Oudheidkamer Texel" />
                                        <div class="room-content">
                                                    <h3>Der Feuerkorb</h3>
                                                <div class="extra-room-content">
                                                                                                                            <div class="button is-style-primary">Warme Windeln</div>
                                                                                    </div>
                    </div>
                </div>
                                    </a>
                            </div>
</section>

<!-- This site is optimized with the Yoast SEO plugin v27.5 - https://yoast.com/product/yoast-seo-wordpress/ -->
<title>Geschichten von früher - Oudheidkamer Texel</title>
<meta name="description" content="Oudheidkamer Texel ist ein Haus voller Geschichten" />
<meta name="robots" content="index, follow, max-snippet:-1, max-image-preview:large, max-video-preview:-1" />
<link rel="canonical" href="https://oudheidkamertexel.nl/de/geschichten-von-fruher/" />
<meta property="og:locale" content="de_DE" />
<meta property="og:type" content="article" />
<meta property="og:title" content="Geschichten von früher - Oudheidkamer Texel" />
<meta property="og:description" content="Oudheidkamer Texel ist ein Haus voller Geschichten" />
<meta property="og:url" content="https://oudheidkamertexel.nl/de/geschichten-von-fruher/" />
<meta property="og:site_name" content="Oudheidkamer Texel" />
<meta property="article:modified_time" content="2025-06-26T13:59:33+00:00" />
<meta property="og:image" content="https://oudheidkamertexel.nl/wp-content/uploads/2024/07/keukenplank-scaled.jpg" />
	<meta property="og:image:width" content="2560" />
	<meta property="og:image:height" content="1920" />
	<meta property="og:image:type" content="image/jpeg" />
<meta name="twitter:card" content="summary_large_image" />
<meta name="twitter:label1" content="Est. reading time" />
	<meta name="twitter:data1" content="1 minute" />
<script type="application/ld+json" class="yoast-schema-graph">{"@context":"https:\/\/schema.org","@graph":[{"@type":"WebPage","@id":"https:\/\/oudheidkamertexel.nl\/de\/geschichten-von-fruher\/","url":"https:\/\/oudheidkamertexel.nl\/de\/geschichten-von-fruher\/","name":"Geschichten von früher - Oudheidkamer Texel","isPartOf":{"@id":"https:\/\/oudheidkamertexel.nl\/de\/#website"},"primaryImageOfPage":{"@id":"https:\/\/oudheidkamertexel.nl\/de\/geschichten-von-fruher\/#primaryimage"},"image":{"@id":"https:\/\/oudheidkamertexel.nl\/de\/geschichten-von-fruher\/#primaryimage"},"thumbnailUrl":"https:\/\/oudheidkamertexel.nl\/wp-content\/uploads\/2024\/07\/keukenplank-scaled.jpg","datePublished":"2024-06-25T12:52:30+00:00","dateModified":"2025-06-26T13:59:33+00:00","breadcrumb":{"@id":"https:\/\/oudheidkamertexel.nl\/de\/geschichten-von-fruher\/#breadcrumb"},"inLanguage":"de-DE","potentialAction":[{"@type":"ReadAction","target":["https:\/\/oudheidkamertexel.nl\/de\/geschichten-von-fruher\/"]}]},{"@type":"ImageObject","inLanguage":"de-DE","@id":"https:\/\/oudheidkamertexel.nl\/de\/geschichten-von-fruher\/#primaryimage","url":"https:\/\/oudheidkamertexel.nl\/wp-content\/uploads\/2024\/07\/keukenplank-scaled.jpg","contentUrl":"https:\/\/oudheidkamertexel.nl\/wp-content\/uploads\/2024\/07\/keukenplank-scaled.jpg","width":2560,"height":1920,"caption":"De keukenplank boven het aanrecht in de keuken van Oudheidkamer Texel"},{"@type":"BreadcrumbList","@id":"https:\/\/oudheidkamertexel.nl\/de\/geschichten-von-fruher\/#breadcrumb","itemListElement":[{"@type":"ListItem","position":1,"name":"Home","item":"https:\/\/oudheidkamertexel.nl\/de\/"},{"@type":"ListItem","position":2,"name":"Geschichten von früher"}]},{"@type":"WebSite","@id":"https:\/\/oudheidkamertexel.nl\/de\/#website","url":"https:\/\/oudheidkamertexel.nl\/de\/","name":"Oudheidkamer Texel","description":"","potentialAction":[{"@type":"SearchAction","target":{"@type":"EntryPoint","urlTemplate":"https:\/\/oudheidkamertexel.nl\/de\/?s={search_term_string}"},"query-input":{"@type":"PropertyValueSpecification","valueRequired":true,"valueName":"search_term_string"}}],"inLanguage":"de-DE"}]}</script>
<!-- / Yoast SEO plugin. -->

Geschichten von früher - Oudheidkamer Texel
